 234 + -11ea57?
-11e823
In base 8, what is 116022066 + -1?
116022065
In base 7, what is 3 + 41245423?
41245426
In base 15, what is a88 + -317c7?
-30c3e
In base 14, what is a6834 + 6?
a683a
In base 8, what is -56 + -332453?
-332531
In base 2, what is -10 + 10100100110001111?
10100100110001101
In base 12, what is 222 - 9114?
-8ab2
In base 12, what is 18 + -15404980?
-15404964
In base 2, what is -1010100010101101001011 + -101?
-1010100010101101010000
In base 5, what is 10330310 - -31231?
10412041
In base 16, what is 3 - 1c5320?
-1c531d
In base 8, what is -261 - -12010?
11527
In base 15, what is -815c + -6?
-8163
In base 10, what is -13896 + 4115?
-9781
In base 5, what is -133423333 - 11?
-133423344
In base 3, what is -12111 + -2101002201220?
-2101002221101
In base 12, what is 3a2bb63 + -1?
3a2bb62
In base 7, what is 0 - 62444601?
-62444601
In base 5, what is -11024242 + -402?
-11030144
In base 7, what is 654161 + 2144?
656335
In base 3, what is 12122 - -12121221000122?
12121221020021
In base 12, what is 14996a3 + -3?
14996a0
In base 12, what is 0 - 3b905b?
-3b905b
In base 2, what is -1100100000100010110 - 1110?
-1100100000100100100
In base 12, what is 228a96 - 2?
228a94
In base 5, what is 1313243342 + 3?
1313243400
In base 5, what is 121342012242 - -1?
121342012243
In base 14, what is -11da0926 - -3?
-11da0923
In base 14, what is 2d514bca + 4?
2d514bd0
In base 11, what is 3 - -3824903?
3824906
In base 10, what is -17 + -2775834?
-2775851
In base 12, what is -b036 - -10354?
131a
In base 14, what is -93 - -5403c6?
540333
In base 2, what is 11000101010111 - -1011011101010?
100100001000001
In base 4, what is -3013112100 + -1002?
-3013113102
In base 12, what is -202b0a24 - -2?
-202b0a22
In base 3, what is 2100211 - 220202211?
-211102000
In base 11, what is -178254397 + -1?
-178254398
In base 5, what is 241124340 - -1133?
241131023
In base 9, what is 1666 + -2084?
-317
In base 5, what is -113021132040 - -4?
-113021132031
In base 6, what is -324 - 4520043?
-4520411
In base 10, what is 308120 + 5?
308125
In base 4, what is -21 + 12321223222?
12321223201
In base 4, what is 13022102 + -1030201?
11331301
In base 16, what is -5 + -dee01?
-dee06
In base 4, what is -3020131 + 11103?
-3003022
In base 2, what is -10110101100110001 + -1011100100010?
-11000001001010011
In base 16, what is d35ce8 - 29?
d35cbf
In base 10, what is 2781839 - 5?
2781834
In base 2, what is -101 + 1101011101111111101101001010?
1101011101111111101101000101
In base 5, what is -21 + -134100020?
-134100041
In base 4, what is -13 + 12210110000?
12210103321
In base 5, what is 111 - -22041242?
22041403
In base 11, what is 2a262 + 658?
2a90a
In base 9, what is -2 - -103444784?
103444782
In base 10, what is -207855328 - -2?
-207855326
In base 14, what is 0 + 34662632?
34662632
In base 9, what is 2 - 7518082?
-7518080
In base 16, what is 452e - 239e?
2190
In base 7, what is -202241 - 2631?
-205202
In base 11, what is -37846612 - -2?
-37846610
In base 10, what is -5848521 + 0?
-5848521
In base 16, what is 28ef40 + 52?
28ef92
In base 12, what is b8509540 - -2?
b8509542
In base 7, what is 3665326 - 103?
3665223
In base 2, what is -10 - -1010110111001001011110111?
1010110111001001011110101
In base 16, what is 0 + 3ddb7?
3ddb7
In base 3, what is 10202212 - 110022?
10022120
In base 8, what is 1344333 - -136?
1344471
In base 2, what is 0 + -1000001101001000111000001?
-1000001101001000111000001
In base 16, what is -3b1eb + -1?
-3b1ec
In base 5, what is -202142 - 1122?
-203314
In base 14, what is -10b - -8a2cb?
8a1c0
In base 9, what is -2 + 2443705?
2443703
In base 9, what is -528522 - 73?
-528605
In base 16, what is 0 - -275c3?
275c3
In base 9, what is 18783 + -1704?
17078
In base 6, what is -10111133212 - -5?
-10111133203
In base 2, what is -110000001 + -1000101000011101101?
-1000101001001101110
In base 14, what is 3b49a + -11?
3b489
In base 11, what is -31045a00 - 5?
-31045a05
In base 12, what is -5 - -1b818150?
1b818147
In base 15, what is -39c11c - -2?
-39c11a
In base 7, what is -12 - 250144651?
-250144663
In base 7, what is -2604 + -1243115?
-1246022
In base 10, what is -2975594 + 5?
-2975589
In base 15, what is b + 808de76?
808de82
In base 8, what is 2315 + -6116?
-3601
In base 15, what is -154 + 153908?
1537a4
In base 3, what is -1121000 - 212001202?
-220122202
In base 10, what is -121 + 186758?
186637
In base 6, what is 243 + 40232520?
40233203
In base 6, what is 12 - -14354251?
14354303
In base 7, what is 2 - -245463224?
245463226
In base 11, what is 72210 - -523?
72733
In base 8, what is -2 + -124560123?
-124560125
In base 3, what is -2100101 - -11001210200?
10222110022
In base 11, what is 84 + 18170?
18244
In base 11, what is -764a2217 - 2?
-764a2219
In base 8, what is 5 - -361355661?
361355666
In base 3, what is 2110012010010 + -1001?
2110012002002
In base 4, what is -30 - 103312033?
-103312123
In base 12, what is 2 - -57581753?
57581755
In base 15, what is 152e8 + -9c8?
14820
In base 4, what is 22310 - -122131?
211101
In base 6, what is 2452354314 - 1?
2452354313
In base 3, what is -1220201221210001 - 12?
-1220201221210020
In base 15, what is -b0ac7b - -8?
-b0ac73
In base 7, what is -130011 - 2423?
-132434
In base 9, what is 2410 - 405863?
-403453
In base 3, what is 11111100221 + -11?
11111100210
In base 11, what is 23 + -9a00573?
-9a00550
In base 9, what is 73513 + -318?
73184
In base 4, what is 11033212 - 322013?
10111133
In base 9, what is -3858333 - -2?
-3858331
In base 6, what is -2331022444 - 4?
-2331022452
In base 5, what is -4 + 11013332?
11013323
In base 13, what is 4b + 11989?
11a07
In base 4, what is 321333211233 + 1?
321333211300
In base 8, what is -431364154 - 16?
-431364172
In base 5, what is -12114 - -4323234?
4311120
In base 10, what is 0 - -349296517?
349296517
In base 15, what is 4 + 319698?
31969c
In base 14, what is 16b2c0 + 74?
16b354
In base 3, what is 12 - 10211000100001012?
-10211000100001000
In base 12, what is -3665a2 + 12?
-366590
In base 5, what is -4 - 101312223221?
-101312223230
In base 16, what is 9 - 349957?
-34994e
In base 15, what is -12534 - -2b0?
-12274
In base 12, what is 1683883 - 2?
1683881
In base 13, what is ac6 + -1794?
-99b
In base 9, what is 14 + -57663533?
-57663518
In base 15, what is -63c - -229c?
1b60
In base 4, what is -121033310122200 - 10?
-121033310122210
In base 16, what is d1c + -11cf?
-4b3
In base 16, what is -d009ab - -1?
-d009aa
In base 2, what is -10001100011110111111000010110 + 1?
-10001100011110111111000010101
In base 7, what is 151141230 - -6?
151141236
In base 5, what is -340010302 - -4?
-340010243
In base 2, what is 10111100011 + -111011000000?
-100011011101
In base 7, what is 3101 - 12560?
-6456
In base 4, what is -32201 - -1011133?
312332
In base 12, what is 2 + -29b807?
-29b805
In base 16, what is 1dadcd + 9d?
1dae6a
In base 16, what is ef77 + 56?
efcd
In base 6, what is 10 - 40102120?
-40102110
In base 16, what is -35 + -152fbd1?
-152fc06
In base 13, what is -1180 - -2c8?
-b85
In base 7, what is -1515 - 11051?
-12566
In base 4, what is 300212311221 + 1002?
300212312223
In base 3, what is 10 - -2211100102220102?
2211100102220112
In base 10, what is -82 + 419866?
419784
In base 16, what is -7d9 - 2dca?
-35a3
In base 3, what is -1111 + 11010211002?
11010202121
In base 3, what is 12201020122112 + -12?
12201020122100
In base 9, what is -6284 - -26233?
18838
In base 13, what is 83 + -12137?
-12084
In base 16, what is -2107fa - -34?
-2107c6
In base 2, what is -11101100000100110010000 - -111?
-11101100000100110001001
In base 11, what is -829780 - 11?
-829791
In base 8, what is 2715 - 5776?
-3061
In base 10, what is -166129 + -208?
-166337
In base 8, what is -11065 - -353?
-10512
In base 4, what is -302023221301 + 32?
-302023221203
In base 8, what is -2 + 15642265?
15642263
In base 8, what is -3 - -737004?
737001
In base 6, what is -12 + 15015315?
15015303
In base 15, what is 42515e - -b?
42516a
In base 7, what is 65611003346 - 1?
65611003345
In base 11, what is 671058 - -5?
671062
In base 10, what is 2947 - -196386?
199333
In base 12, what is -23187 - -1862?
-21525
In base 2, what is 10000 + -11001000011000001?
-11001000010110001
In base 12, what is -39509374 - 5?
-39509379
In base 10, what is 3 - 622379?
-622376
In base 11, what